{"id":402,"date":"2015-06-25T17:07:09","date_gmt":"2015-06-25T14:07:09","guid":{"rendered":"http:\/\/www.basakakbay.com.tr\/basak\/?page_id=402"},"modified":"2015-06-25T17:07:09","modified_gmt":"2015-06-25T14:07:09","slug":"dolu-dusun-bos-konus","status":"publish","type":"page","link":"https:\/\/www.basakakbay.com.tr\/?page_id=402","title":{"rendered":"&#8211; DOLU D\u00dc\u015e\u00dcN BO\u015e KONU\u015e"},"content":{"rendered":"","protected":false},"excerpt":{"rendered":"","protected":false},"author":1,"featured_media":0,"parent":0,"menu_order":0,"comment_status":"open","ping_status":"open","template":"template-gallery-height.php","meta":{"footnotes":""},"_links":{"self":[{"href":"https:\/\/www.basakakbay.com.tr\/index.php?rest_route=\/wp\/v2\/pages\/402"}],"collection":[{"href":"https:\/\/www.basakakbay.com.tr\/index.php?rest_route=\/wp\/v2\/pages"}],"about":[{"href":"https:\/\/www.basakakbay.com.tr\/index.php?rest_route=\/wp\/v2\/types\/page"}],"author":[{"embeddable":true,"href":"https:\/\/www.basakakbay.com.tr\/index.php?rest_route=\/wp\/v2\/users\/1"}],"replies":[{"embeddable":true,"href":"https:\/\/www.basakakbay.com.tr\/index.php?rest_route=%2Fwp%2Fv2%2Fcomments&post=402"}],"version-history":[{"count":1,"href":"https:\/\/www.basakakbay.com.tr\/index.php?rest_route=\/wp\/v2\/pages\/402\/revisions"}],"predecessor-version":[{"id":413,"href":"https:\/\/www.basakakbay.com.tr\/index.php?rest_route=\/wp\/v2\/pages\/402\/revisions\/413"}],"wp:attachment":[{"href":"https:\/\/www.basakakbay.com.tr\/index.php?rest_route=%2Fwp%2Fv2%2Fmedia&parent=402"}],"curies":[{"name":"wp","href":"https:\/\/api.w.org\/{rel}","templated":true}]}}